{"id":423,"date":"2021-02-03T12:25:02","date_gmt":"2021-02-03T11:25:02","guid":{"rendered":"https:\/\/le-jardin-des-bisounours.fr\/?page_id=423"},"modified":"2021-02-03T12:30:18","modified_gmt":"2021-02-03T11:30:18","slug":"la-creche","status":"publish","type":"page","link":"https:\/\/le-jardin-des-bisounours.fr\/index.php\/la-creche\/","title":{"rendered":"La cr\u00e8che"},"content":{"rendered":"\n<p id=\"block-da8f4746-9cf7-434d-81ae-fdaa0f353fad\"><br>Dans un cadre agr\u00e9able de 167 m\u00b2, nous proposons un accueil r\u00e9gulier de 3 \u00e0 5 jours par semaine, de 07h45 \u00e0 18h45.<br>Actuellement, notre capacit\u00e9 d&rsquo;accueil est de 16 enfants maximum, variant de 2,5 mois \u00e0 3 ans.<\/p>\n\n\n\n<p id=\"block-e818beff-f55b-4c57-b94d-edc714b8d4c4\">Les effectifs se renouvellent r\u00e9guli\u00e8rement ; aussi, si vous recherchez un mode de garde pour votre bout &lsquo;chou, n&rsquo;h\u00e9sitez pas \u00e0 nous contacter !<br>Remplissez directement votre dossier de pr\u00e9 inscription en ligne.<br><br>En attendant bonne navigation sur notre site !<\/p>\n\n\n\n<p id=\"block-992e6fe0-36d8-4f81-868d-0f0cc5f97ab1\">Les parents et toute l&rsquo;Equipe p\u00e9dagogique.<\/p>\n","protected":false},"excerpt":{"rendered":"<p>Dans un cadre agr\u00e9able de 167 m\u00b2, nous proposons un accueil r\u00e9gulier de 3 \u00e0 5 jours par semaine, de 07h45 \u00e0 18h45.Actuellement, notre capacit\u00e9 d&rsquo;accueil est de 16 enfants maximum, variant de 2,5 mois \u00e0 3 ans. Les effectifs [&hellip;]<\/p>\n","protected":false},"author":1,"featured_media":0,"parent":0,"menu_order":0,"comment_status":"closed","ping_status":"closed","template":"","meta":[],"_links":{"self":[{"href":"https:\/\/le-jardin-des-bisounours.fr\/index.php\/wp-json\/wp\/v2\/pages\/423"}],"collection":[{"href":"https:\/\/le-jardin-des-bisounours.fr\/index.php\/wp-json\/wp\/v2\/pages"}],"about":[{"href":"https:\/\/le-jardin-des-bisounours.fr\/index.php\/wp-json\/wp\/v2\/types\/page"}],"author":[{"embeddable":true,"href":"https:\/\/le-jardin-des-bisounours.fr\/index.php\/wp-json\/wp\/v2\/users\/1"}],"replies":[{"embeddable":true,"href":"https:\/\/le-jardin-des-bisounours.fr\/index.php\/wp-json\/wp\/v2\/comments?post=423"}],"version-history":[{"count":2,"href":"https:\/\/le-jardin-des-bisounours.fr\/index.php\/wp-json\/wp\/v2\/pages\/423\/revisions"}],"predecessor-version":[{"id":427,"href":"https:\/\/le-jardin-des-bisounours.fr\/index.php\/wp-json\/wp\/v2\/pages\/423\/revisions\/427"}],"wp:attachment":[{"href":"https:\/\/le-jardin-des-bisounours.fr\/index.php\/wp-json\/wp\/v2\/media?parent=423"}],"curies":[{"name":"wp","href":"https:\/\/api.w.org\/{rel}","templated":true}]}}