{"id":229,"date":"2018-12-16T23:22:01","date_gmt":"2018-12-16T22:22:01","guid":{"rendered":"https:\/\/le-jardin-des-bisounours.fr\/?page_id=229"},"modified":"2021-02-02T13:52:06","modified_gmt":"2021-02-02T12:52:06","slug":"projet-educatif-et-pedagogique","status":"publish","type":"page","link":"https:\/\/le-jardin-des-bisounours.fr\/index.php\/projet-educatif-et-pedagogique\/","title":{"rendered":"Nos valeurs"},"content":{"rendered":"\n<h3>LES MISSIONS  DE LA CRECHE<\/h3>\n\n\n\n<p><br>La cr\u00e8che \u00ab Le Jardin des Bisounours \u00bb est une structure de type parentale. Son principal objectif est d&rsquo;accueillir les enfants dans le respect de leur bien-\u00eatre, celui de leurs parents et de l&rsquo;\u00e9quipe d&rsquo;encadrement. Son r\u00f4le est de palier au mieux \u00e0 l&rsquo;absence momentan\u00e9e des parents, sans jamais s&rsquo;y substituer, aussi bien au niveau \u00e9ducatif qu&rsquo;affectif.<br>Nous avons fix\u00e9 pour missions :<\/p>\n\n\n\n<ul><li>d&rsquo;accompagner l&rsquo;enfant dans son d\u00e9veloppement, dans un mode de vie o\u00f9 il se sente bien et dans lequel il est respect\u00e9 dans son individualit\u00e9.<\/li><li>d&rsquo;assurer l&rsquo;\u00e9veil culturel du petit enfant, \u00e9l\u00e9ment fondamental de la d\u00e9marche \u00e9ducative et son ouverture sur le monde (l&rsquo;aider \u00e0 d\u00e9velopper sa curiosit\u00e9).<\/li><li>de favoriser la socialisation de l&rsquo;enfant en l&rsquo;aidant \u00e0 la prise de conscience de soi et des autres (valorisation et encouragement de chaque enfant sans d\u00e9valorisation par la comparaison).<\/li><li>de permettre aux parents, par leur participation active, de se familiariser avec les lieux o\u00f9 leurs enfants passent une grande partie de la journ\u00e9e, ainsi que d&rsquo;avoir des \u00e9changes multiples avec les autres parents, les professionnels, les autres enfants, les intervenants ext\u00e9rieurs \u00e0 la cr\u00e8che, susceptibles d&rsquo;un apport culturel qui donne \u00e0 l&rsquo;enfant un sentiment de s\u00e9curit\u00e9 dans un lieu investi par ses propres parents.<\/li><li>de cr\u00e9er pour les parents des liens sociaux, de l&rsquo;entraide, des \u00e9changes, de la convivialit\u00e9, d\u00e9veloppant au quotidien leur responsabilit\u00e9 dans l&rsquo;accueil de l&rsquo;enfant en dehors de la famille. L&rsquo;int\u00e9r\u00eat de cette action est qu&rsquo;elle n&rsquo;a aucun caract\u00e8re s\u00e9lectif mais s&rsquo;ouvre aux diversit\u00e9s culturelles et sociales. On retrouve ici la notion d\u2019inter-culture et la possibilit\u00e9 d&rsquo;accueillir un public de diverses origines ethniques.<\/li><\/ul>\n\n\n\n<h3>L&rsquo;ACCUEIL PROGRESSIF<br><\/h3>\n\n\n\n<p>La cr\u00e8che est un des premiers, voire le premier lieu, o\u00f9 l&rsquo;enfant et ses parents vont \u00eatre s\u00e9par\u00e9s. C&rsquo;est un endroit de transition, une passerelle entre la famille et la soci\u00e9t\u00e9. L&rsquo;accueil d&rsquo;adaptation est une \u00e9tape de plus vers l&rsquo;autonomie de chacun. Elle dure environ 15 jours.<\/p>\n\n\n\n<p><br>Il est important de savoir que chaque enfant est unique et r\u00e9agit diff\u00e9remment ; de ce fait, un accueil personnalis\u00e9 est am\u00e9nag\u00e9. En pr\u00e9sence de l&rsquo;enfant, les professionnels pr\u00e9sentent la cr\u00e8che et le personnel. L&rsquo;enfant peut rester pendant un temps variant de trente minutes le premier jour \u00e0 quatre heures le dernier jour de la premi\u00e8re semaine.<\/p>\n\n\n\n<p><br>Ce sch\u00e9ma d&rsquo;adaptation se module dans la dur\u00e9e selon les besoins de la famille accueillie. Durant cette p\u00e9riode, l&rsquo;enfant, le parent et le professionnel se rencontrent \u00e0 travers les jeux, les soins. Une personne de l&rsquo;\u00e9quipe professionnelle deviendra le r\u00e9f\u00e9rent de l&rsquo;enfant accueilli, l&rsquo;interlocuteur privil\u00e9gi\u00e9 de la nouvelle famille et aura en charge de faciliter son int\u00e9gration ainsi que de rendre compte aupr\u00e8s des autres adultes des habitudes et traits de caract\u00e8re de chaque nouvel enfant.&nbsp;<br><\/p>\n\n\n\n<h3>L&rsquo;AUTONOMIE<br><\/h3>\n\n\n\n<p>Faire preuve d&rsquo;autonomie, c&rsquo;est surtout, gr\u00e2ce au soutien discret et s\u00e9curisant d&rsquo;un adulte, \u00eatre capable d&rsquo;\u00e9voluer librement pour faire ses propres d\u00e9couvertes. L&rsquo;autonomie est une forme d&rsquo;ind\u00e9pendance acquise suite \u00e0 de multiples exp\u00e9riences. Il faut \u00e9viter de mettre l&rsquo;enfant dans une position ou une situation qu&rsquo;il n&rsquo;aurait pas acquise de lui-m\u00eame.Il faut plut\u00f4t favoriser sa participation active afin qu&rsquo;il en tire satisfaction et go\u00fbte au plaisir de devenir \u00ab Grand \u00bb. Il est \u00e9galement important de respecter ses limites dans l&rsquo;acquisition de l&rsquo;autonomie.<br><\/p>\n\n\n\n<h3>LA SOCIALISATION<br><\/h3>\n\n\n\n<p>La cr\u00e8che est lieu de socialisation o\u00f9 l&rsquo;enfant va apprendre les r\u00e8gles inh\u00e9rentes \u00e0 une vie en collectivit\u00e9 : partager, collaborer, n\u00e9gocier, \u00e9changer\u2026 Les parents et le personnel accompagnateur sensibilisent l&rsquo;enfant \u00e0 ces notions dans le quotidien (go\u00fbter, jeux libres, etc.\u2026) et les activit\u00e9s plus dirig\u00e9es o\u00f9 l&rsquo;enfant doit prendre conscience des r\u00e8gles collectives. Le respect d&rsquo;autrui est une des conditions sinequanon de la vie en accueil multiple.<br><\/p>\n\n\n\n<p>La collectivit\u00e9 peut-\u00eatre source de d\u00e9saccords : l&rsquo;adulte tient une place importante dans la gestion des conflits entre les enfants, il lui faut trouver un juste milieu lors des interventions et \u00e9galement laisser aux enfants l&rsquo;occasion de s&rsquo;arranger entre eux (affirmation de soi, prise en compte de l&rsquo;autre).<br><\/p>\n\n\n\n<p>La soci\u00e9t\u00e9 est r\u00e9gie par des r\u00e8gles et en se socialisant, l&rsquo;enfant apprend \u00e0 composer avec le respect de ces r\u00e8gles et ses propres d\u00e9sirs. Ce sont les adultes qui fixent les interdits. Les limites sont des rep\u00e8res structurant pour l&rsquo;enfant (limites par rapport \u00e0 l&rsquo;espace qui l&rsquo;entoure, le respect de l&rsquo;autre et des objets\u2026). Les parents et l&rsquo;\u00e9quipe veillent \u00e0 faire respecter les r\u00e8gles \u00e0 l&rsquo;enfant et \u00e0 les respecter eux-m\u00eames.<br><\/p>\n\n\n\n<h3>L&rsquo;EVEIL PAR LE JEU<br><\/h3>\n\n\n\n<p>Le jeu est un acte spontan\u00e9 et particulier de l&rsquo;enfant. Le jeu poss\u00e8de des fonctions et des finalit\u00e9s bien pr\u00e9cises : acqu\u00e9rir la ma\u00eetrise de son environnement, s&rsquo;exprimer, mettre en \u0153uvre ses capacit\u00e9s cognitives. C&rsquo;est par le jeu que l&rsquo;enfant fait travailler son esprit, d\u00e9veloppe sa personnalit\u00e9 et enrichit son vocabulaire.<br><\/p>\n\n\n\n<p>Le jeu permet d&rsquo;acqu\u00e9rir un d\u00e9veloppement :<br>\u2022 psychomoteur par l&rsquo;exercice, la motricit\u00e9, l&rsquo;investissement de l&rsquo;espace, la ma\u00eetrise du corps,<br>\u2022 cognitif par une action ludique, un r\u00e9flexe logique, la r\u00e9solution d&rsquo;une probl\u00e9matique,<br>\u2022 social par la confrontation \u00e0 autrui, la personnalisation, les altercations, la frustration et la curiosit\u00e9&#8230;<br>\u2022 sensoriel par le go\u00fbt, la vue, l&rsquo;odorat, le toucher et l&rsquo;ou\u00efe,<br>\u2022 linguistique par les jeux de langage, les imagiers, les comptines, les jeux de mains, etc&#8230;<br><\/p>\n\n\n\n<p>C&rsquo;est en jouant qu&rsquo;un \u00ab petit \u00bb devient \u00ab grand \u00bb! Con\u00e7ues dans cet esprit ludique, les activit\u00e9s ont pour objectif d&rsquo;encourager l&rsquo;\u00e9change entre les enfants tout en favorisant la d\u00e9couverte de la diversit\u00e9 et le respect d&rsquo;autrui. M\u00eame si les moments cl\u00e9s de la journ\u00e9e restent immuables, l&rsquo;enfant se voit proposer toute une gamme d&rsquo;activit\u00e9s cr\u00e9atives et vari\u00e9es que ce soit de l&rsquo;ordre manuel, imaginaire, corporel, sonore ou autres. Certaines activit\u00e9s n\u00e9cessitent la s\u00e9paration des enfants par groupe d&rsquo;\u00e2ge :<br><\/p>\n\n\n\n<h3>POUR LE \u00ab PETIT \u00bb\u00a0:<br><\/h3>\n\n\n\n<p>Dans un coin d\u00e9di\u00e9 aux b\u00e9b\u00e9s, c&rsquo;est l&rsquo;attention port\u00e9e \u00e0 son d\u00e9veloppement psychomoteur qui prime. Ils ont la possibilit\u00e9 de se mouvoir librement, d&rsquo;explorer les possibilit\u00e9s de son corps et de son environnement dans un espace prot\u00e9g\u00e9 et \u00e0 sa mesure. On varie les positions : dans le transat, sur le tapis d&rsquo;\u00e9veil, sur le dos en dessous de l&rsquo;arc d&rsquo;\u00e9veil, cal\u00e9 dans les coussins \u2026 la coordination \u0153il main est encourag\u00e9e par l&rsquo;utilisation de hochets et d&rsquo;autres petits jouets adapt\u00e9s \u00e0 cet \u00e2ge.<br>Quand il est \u00e9veill\u00e9, le b\u00e9b\u00e9 n&rsquo;est jamais exclu de l&rsquo;ambiance g\u00e9n\u00e9rale, ce qui favorise le d\u00e9veloppement de sa vie sociale et affective. L\u00e0 encore, l&rsquo;\u00e9veil du b\u00e9b\u00e9 doit se faire \u00e0 son rythme, de fa\u00e7on \u00e0 \u00e9viter toute sur-stimulation.<br><\/p>\n\n\n\n<h3>POUR LES \u00ab MOYENS ET LES GRANDS \u00bb\u00a0:<br><\/h3>\n\n\n\n<p>Les deux groupes d&rsquo;enfant \u00e9voluent dans le m\u00eame espace de jeu et ne sont s\u00e9par\u00e9s que pour certaines activit\u00e9s sp\u00e9cifiques. La journ\u00e9e est rythm\u00e9e par des temps de jeux libres et des activit\u00e9s dirig\u00e9es, chaque enfant \u00e9tant libre de participer ou non \u00e0 l&rsquo;activit\u00e9 initi\u00e9e par l&rsquo;adulte.<br>Durant les beaux jours, les enfants b\u00e9n\u00e9ficient du jardin de la cr\u00e8che. Ce changement de cadre permet aux enfants d&rsquo;\u00e9largir leur domaine de jeu, de \u00ab prendre l&rsquo;air \u00bb et de se d\u00e9fouler.<br>Les grands ont deux fois par semaine des s\u00e9ances de sport dans le gymnase.<br><\/p>\n\n\n\n<p>Pour les activit\u00e9s les plus structur\u00e9es (peinture, collage, terre, etc), l&rsquo;adulte met \u00e0 la disposition des enfants les mat\u00e9riaux \u00e0 partir desquels ils vont faire leurs exp\u00e9riences ; l&rsquo;adulte n&rsquo;est pas l\u00e0 pour diriger, donner une le\u00e7on, mais pour organiser l&rsquo;activit\u00e9 et faire respecter certaines consignes.<br><br>Pendant le reste de la journ\u00e9e, des jouets sont \u00e0 la disposition des enfants, le jeu libre \u00e9tant celui par lequel l&rsquo;enfant :<br><\/p>\n\n\n\n<p>\u2022 se socialise,<br>\u2022 acquiert son autonomie,<br>\u2022 d\u00e9veloppe sa cr\u00e9ativit\u00e9,<br>\u2022 exprime ses sentiments.<br><\/p>\n\n\n\n<p>La pr\u00e9sence attentive de l&rsquo;adulte s\u00e9curise l&rsquo;enfant et permettra par la suite de mieux le conna\u00eetre et ainsi de mieux cerner ses besoins.<br><\/p>\n\n\n\n<h2>DES REGLES D&rsquo;HYGIENE, DE SANTE ET DE SECURITE CONFORMES AUX NORMES<br><\/h2>\n\n\n\n<p>Pour pouvoir fonctionner, la cr\u00e8che fait l&rsquo;objet d&rsquo;une proc\u00e9dure d&rsquo;agr\u00e9ment d\u00e9livr\u00e9e par le m\u00e9decin-chef de la PMI (Protection Maternelle et Infantile). Sous l&rsquo;autorit\u00e9 du pr\u00e9sident du conseil g\u00e9n\u00e9ral, le m\u00e9decin r\u00e9f\u00e9rent s&rsquo;assure en liaison avec les professionnels de l&rsquo;application des r\u00e8gles d&rsquo;hygi\u00e8ne, de sant\u00e9 et de s\u00e9curit\u00e9.<br>Chaque adulte veille donc au respect de ces r\u00e8gles.<br><\/p>\n\n\n\n<h3>Une bonne hygi\u00e8ne<br><\/h3>\n\n\n\n<p>Les r\u00e8gles d&rsquo;hygi\u00e8ne sont scrupuleusement respecter au sein de la cr\u00e8che : produits d&rsquo;entretien, consignes de m\u00e9nage, hygi\u00e8ne corporel (mise \u00e0 disposition de gel lavant)&#8230;<br><\/p>\n\n\n\n<p>Dans la salle de change sont dispos\u00e9es des tables \u00e0 langer ainsi qu&rsquo;un casier pour chaque enfant contenant ses affaires de change personnelles. Les b\u00e9b\u00e9s sont chang\u00e9s r\u00e9guli\u00e8rement et suivant leurs besoins. Les couches sont fournies par la cr\u00e8che.<br><\/p>\n\n\n\n<p>Avant et apr\u00e8s chaque repas, l&rsquo;enfant se lave les mains dans des lavabos accessibles. Les plus jeunes sont aid\u00e9s par l&rsquo;adulte dans cette d\u00e9marche.<br><\/p>\n\n\n\n<p>Des pots sont \u00e0 la disposition de ceux qui apprennent \u00ab \u00e0 \u00eatre propre \u00bb et de petites toilettes re\u00e7oivent les \u00ab besoins \u00bb des plus grands qui savent d\u00e9j\u00e0 \u00ab faire tout seul \u00bb.<br><\/p>\n\n\n\n<h3>La sant\u00e9 pour tous<br><\/h3>\n\n\n\n<p>L&rsquo;\u00e9quipe encadrant dispose de l&rsquo;aide d&rsquo;un m\u00e9decin r\u00e9f\u00e9rent qui peut \u00e0 tout moment les conseiller et qui fixe aussi avec eux les limites de leurs comp\u00e9tences en mati\u00e8re m\u00e9dicale. Dans tous les cas, l&rsquo;\u00e9quipe des professionnelles se r\u00e9serve le droit de limiter l&rsquo;acc\u00e8s \u00e0 la cr\u00e8che dans les situations qui leur semble mettre en danger les autres enfants.<br><\/p>\n\n\n\n<p>En cas de maladie, l&rsquo;enfant peut \u00eatre accueilli \u00e0 la cr\u00e8che suivant l&rsquo;avis des professionnelles. C&rsquo;est uniquement suivant une ordonnance m\u00e9dicale qu&rsquo;un traitement peut \u00eatre prodigu\u00e9 (m\u00eame pour une simple fi\u00e8vre).<br><\/p>\n\n\n\n<p>La cr\u00e8che doit imp\u00e9rativement pr\u00e9venir les parents d&rsquo;un enfant qui \u00e0 plus de 38\u00b0 de temp\u00e9rature et lui demander de venir le chercher au-del\u00e0 de 38\u00b05.<br><\/p>\n\n\n\n<h3>UN ESPACE DE JEUX CONFORME ET STRUCTURE<\/h3>\n\n\n\n<p>Conform\u00e9ment aux normes de s\u00e9curit\u00e9, tous les am\u00e9nagements, les moindres recoins, le mat\u00e9riel, les jeux ont \u00e9t\u00e9 con\u00e7us pour veiller au confort et au bien \u2013\u00eatre de chaque enfant et ont \u00e9t\u00e9 \u00e9tudi\u00e9s afin de favoriser son d\u00e9veloppement harmonieux.<br><\/p>\n\n\n\n<p>Sur 167 m\u00b2, on retrouve plusieurs espaces :<br><\/p>\n\n\n\n<p>\u2022 une grande salle d&rsquo;activit\u00e9 avec plusieurs coins : lecture, jeux, repas et parc sp\u00e9cifiques aux b\u00e9b\u00e9s,<br>\u2022 une cuisine attenante,<br>\u2022 une salle polyvalente qui sert de dortoir et aussi de jeu aux moyens et grands,<br>\u2022 un dortoir isol\u00e9 pour les b\u00e9b\u00e9s,<br>\u2022 une salle de change dans laquelle chaque enfant dispose d&rsquo;un casier personnel o\u00f9 sont dispos\u00e9s ses affaires de toilette, v\u00eatements de rechange, pyjama&#8230;<br>\u2022 un coin sanitaire adapt\u00e9 aux grands,<br>\u2022 un grand jardin agr\u00e9able.<\/p>\n","protected":false},"excerpt":{"rendered":"<p>LES MISSIONS DE LA CRECHE La cr\u00e8che \u00ab Le Jardin des Bisounours \u00bb est une structure de type parentale. Son principal objectif est d&rsquo;accueillir les enfants dans le respect de leur bien-\u00eatre, celui de leurs parents et de l&rsquo;\u00e9quipe d&rsquo;encadrement. [&hellip;]<\/p>\n","protected":false},"author":1,"featured_media":0,"parent":0,"menu_order":0,"comment_status":"closed","ping_status":"closed","template":"","meta":[],"_links":{"self":[{"href":"https:\/\/le-jardin-des-bisounours.fr\/index.php\/wp-json\/wp\/v2\/pages\/229"}],"collection":[{"href":"https:\/\/le-jardin-des-bisounours.fr\/index.php\/wp-json\/wp\/v2\/pages"}],"about":[{"href":"https:\/\/le-jardin-des-bisounours.fr\/index.php\/wp-json\/wp\/v2\/types\/page"}],"author":[{"embeddable":true,"href":"https:\/\/le-jardin-des-bisounours.fr\/index.php\/wp-json\/wp\/v2\/users\/1"}],"replies":[{"embeddable":true,"href":"https:\/\/le-jardin-des-bisounours.fr\/index.php\/wp-json\/wp\/v2\/comments?post=229"}],"version-history":[{"count":5,"href":"https:\/\/le-jardin-des-bisounours.fr\/index.php\/wp-json\/wp\/v2\/pages\/229\/revisions"}],"predecessor-version":[{"id":368,"href":"https:\/\/le-jardin-des-bisounours.fr\/index.php\/wp-json\/wp\/v2\/pages\/229\/revisions\/368"}],"wp:attachment":[{"href":"https:\/\/le-jardin-des-bisounours.fr\/index.php\/wp-json\/wp\/v2\/media?parent=229"}],"curies":[{"name":"wp","href":"https:\/\/api.w.org\/{rel}","templated":true}]}}